{"id":18,"date":"2011-10-17T17:20:46","date_gmt":"2011-10-17T15:20:46","guid":{"rendered":"http:\/\/hptz-rostock.de\/?page_id=18"},"modified":"2020-10-15T13:49:06","modified_gmt":"2020-10-15T11:49:06","slug":"indikation","status":"publish","type":"page","link":"https:\/\/hptz-rostock.de\/?page_id=18","title":{"rendered":"Indikation"},"content":{"rendered":"<ul>\n<li>Identit\u00e4tskrisen w\u00e4hrend der Pubert\u00e4t, schwierige \u00dcberg\u00e4nge in Kita, Schule oder Beruf<\/li>\n<li>Verhaltensauff\u00e4lligkeiten, oppositionelles Verhalten<\/li>\n<li>Schulschwierigkeiten, Schulverweigerung<\/li>\n<li>Soziale Unsicherheit, Kontaktprobleme<\/li>\n<li>ADHS, Konzentrationsprobleme<\/li>\n<li>Entwicklungsschwierigkeiten<\/li>\n<li>Geschwisterproblematiken<\/li>\n<li>Problematiken in der Erziehung<\/li>\n<\/ul>\n","protected":false},"excerpt":{"rendered":"<p>Identit\u00e4tskrisen w\u00e4hrend der Pubert\u00e4t, schwierige \u00dcberg\u00e4nge in Kita, Schule oder Beruf Verhaltensauff\u00e4lligkeiten, oppositionelles Verhalten Schulschwierigkeiten, Schulverweigerung Soziale Unsicherheit, Kontaktprobleme ADHS, Konzentrationsprobleme Entwicklungsschwierigkeiten Geschwisterproblematiken Problematiken in der Erziehung<\/p>\n","protected":false},"author":1,"featured_media":0,"parent":0,"menu_order":0,"comment_status":"closed","ping_status":"open","template":"full-width-page-template.php","meta":[],"_links":{"self":[{"href":"https:\/\/hptz-rostock.de\/index.php?rest_route=\/wp\/v2\/pages\/18"}],"collection":[{"href":"https:\/\/hptz-rostock.de\/index.php?rest_route=\/wp\/v2\/pages"}],"about":[{"href":"https:\/\/hptz-rostock.de\/index.php?rest_route=\/wp\/v2\/types\/page"}],"author":[{"embeddable":true,"href":"https:\/\/hptz-rostock.de\/index.php?rest_route=\/wp\/v2\/users\/1"}],"replies":[{"embeddable":true,"href":"https:\/\/hptz-rostock.de\/index.php?rest_route=%2Fwp%2Fv2%2Fcomments&post=18"}],"version-history":[{"count":2,"href":"https:\/\/hptz-rostock.de\/index.php?rest_route=\/wp\/v2\/pages\/18\/revisions"}],"predecessor-version":[{"id":160,"href":"https:\/\/hptz-rostock.de\/index.php?rest_route=\/wp\/v2\/pages\/18\/revisions\/160"}],"wp:attachment":[{"href":"https:\/\/hptz-rostock.de\/index.php?rest_route=%2Fwp%2Fv2%2Fmedia&parent=18"}],"curies":[{"name":"wp","href":"https:\/\/api.w.org\/{rel}","templated":true}]}}